72*v**2 + 81*v**2 + 3*v + 2*v - 1. Suppose -2*p + 1 + 1 = 0. List the prime factors of k(p).
2, 5
Let g be 6 + (-3)/((-3)/2). Let c(d) = d**3 - 8*d**2 + d - 6. Let t be c(g). Suppose -5*x - t + 65 = 4*q, 0 = 5*q - 2*x - 54. List the prime factors of q.
2, 3
What are the prime factors of (-4)/(-22) + 143750/110?
1307
Let l = 2163 + -1480. List the prime factors of l.
683
Suppose 5*f - 2615 = -5*x, -4*f = -f + 4*x - 1573. List the prime factors of f.
3, 173
Suppose 5*a = 3*f - 32, 2*a + 18 = 2*f + 2. Suppose 2*g - 510 = -f*x, 5*x - g = 3*g + 657. List the prime factors of x.
3, 43
Let v = -307 + 559. List the prime factors of v.
2, 3, 7
Suppose -r = 2 - 6. Suppose 2*i = -5*s + 386, i - 3*i = r. What are the prime factors of s?
2, 3, 13
Suppose 0*g = 2*g - 6. Suppose 0 = -g*z + 4*z + 3*w - 13, 3*z + 5*w - 27 = 0. What are the prime factors of (-176)/(-8) + z/(-2)?
2, 5
Suppose 3*d + 720 = 7*d. Suppose -6*w + 2*w = d. List the prime factors of ((-4)/6)/(6/w).
5
Let b(p) = -p**2 - 2*p - 1. Let u be b(-2). List the prime factors of 1 + 55 + 4 + u.
59
Let z = -15 - -17. Suppose -20 = -5*x, 3*l - z*x = -x + 2. Suppose 55 = s + 3*a, 4*a = l*s - 0*s - 80. List the prime factors of s.
2, 23
Let r = 700 - -62. What are the prime factors of r?
2, 3, 127
What are the prime factors of (-10)/120 + 55250/24?
2, 1151
Suppose 0 = 3*y - 5*y + 40. Let g be 3/y*4*5. Suppose -a - 3*b + 7*b - 8 = 0, 2*b + 26 = g*a. List the prime factors of a.
2, 3
Suppose 2*a + 32 = 5*c - 2*c, -5*a = 2*c + 4. Let p(w) = -6 - 10*w**2 + 7*w**2 + w + 4*w**2 - c. List the prime factors of p(-8).
2, 3, 7
Suppose s - 7 = 2*u - 9, -u + 6 = -3*s. Let f(y) = 1 + 4 + 2*y**2 - y**2. List the prime factors of f(u).
5
Let q = 3 - -57. Suppose 0 = -o - 2*x + q, -2*o + 4*x + 78 = -58. List the prime factors of o.
2
Let y(i) = i**3 + 5*i**2 + 4*i + 5. Let u be y(-4). Let z be ((-3)/2)/((-3)/(-34)). Let g = u - z. What are the prime factors of g?
2, 11
Let m = -1 - -4. Suppose -t - 4 = m. What are the prime factors of 7/(t/6)*-3?
2, 3
Suppose -7*j - 25*j + 26880 = 0. What are the prime factors of j?
2, 3, 5, 7
Let j be 32/6 - 1/3. Suppose -38 = -d + 4*i + 38, 2*i - 336 = -j*d. What are the prime factors of d?
2, 17
List the prime factors of (-5170)/33*117/(-15).
2, 13, 47
Let c(a) = 23*a**2 - 7*a - 84. What are the prime factors of c(-6)?
2, 3, 131
Let i = -62 - -70. Suppose 0 = 3*c + i - 20, z - 3*c - 11 = 0. List the prime factors of z.
23
Suppose 3*v = -0*v + 36. Suppose -v*r = -14*r + 114. List the prime factors of r.
3, 19
Suppose -2*p + 29 + 3 = 0. Suppose -p*t = -2716 - 1396. List the prime factors of t.
257
Suppose -17*f + 829 = -378. Suppose 2*g - 345 = f. List the prime factors of g.
2, 13
Suppose 3*h + 3*s = -2*h - 3022, 0 = -5*h + 3*s - 2998. What are the prime factors of -2*((-2)/6 + h/12)?
101
Suppose d - 2*c = 733, -59*c - 3677 = -5*d - 61*c. List the prime factors of d.
3, 5, 7
Suppose -3*n - 4*g = 20, -n + 15 = 3*n - 3*g. Suppose 0 = 3*c + 2*r - 37, -3*c + 19 + 34 = -2*r. Suppose o - 2*o + c = n. List the prime factors of o.
3, 5
List the prime factors of 13*((-2800)/24 + 4)*-3.
2, 13
Let w be 2 - (-3)/((-3)/2). Let q(l) = l + 65. Let m be q(w). Suppose -4*j = -j + 2*d - m, -4*d - 100 = -4*j. What are the prime factors of j?
23
Let r(l) be the third derivative of l**6/120 + l**5/12 - l**4/6 + 3*l**3/2 - l**2. List the prime factors of r(4).
137
Let o = -275 - -373. List the prime factors of o.
2, 7
Suppose -o - 4*w - 10 = -44, -3*w + 6 = 0. Suppose 3*v - 31 = o. Suppose s = p - v, 3*s = 5*s + 10. List the prime factors of p.
2, 7
Let j = -8 - -12. Suppose 3*s = j*p - 9, -4*p = -2*p + 5*s - 37. Suppose 0 = -p*q + 5*q + 7. What are the prime factors of q?
7
Let n = -14 + 24. Suppose -118 = n*m - 12*m. List the prime factors of m.
59
Let w(b) = b**3 + 6*b**2 - 6*b + 10. Let d be (-6)/24 - (-54)/(-8). Let u be w(d). Suppose -49 = -5*z - v, -5*z + v + 54 = -u*v. List the prime factors of z.
2, 5
Suppose 0 = -22*n - 3*n + 2750. List the prime factors of n.
2, 5, 11
List the prime factors of (1488/60)/(2/85).
2, 17, 31
Let d = 24 + 0. Let j = d + -13. What are the prime factors of j?
11
Let l be 2/(-12) - ((-3412)/24 + 7). Let f = l + 132. What are the prime factors of f?
3, 89
Suppose 31*x = 30*x - 42. List the prime factors of (-31)/3*x/7.
2, 31
Suppose -h - 20 = -2*l + l, h + 5*l = -2. Let x = 13 + h. Let j = x + 27. What are the prime factors of j?
23
Let k = -340 + 951. List the prime factors of k.
13, 47
Let f(d) = -351*d + 20. What are the prime factors of f(-2)?
2, 19
What are the prime factors of 94240/342 - (2 - (-22)/(-9))?
2, 3, 23
Let f(q) = 8*q - 148. What are the prime factors of f(35)?
2, 3, 11
Suppose 2*i = 2*z - 10, 4*z - 15 = z + 5*i. Suppose -1 + z = 4*y, d - 3*y = 34. List the prime factors of d.
37
Let d(p) = 6*p + 4. Let t = -14 + 12. Let r(b) = -2*b + 2. Let j be r(t). What are the prime factors of d(j)?
2, 5
Let o = 74 - 8. Let g = o - 29. What are the prime factors of g?
37
Suppose 0 = -51*k + 23363 + 42784. What are the prime factors of k?
1297
Let a(t) = 23*t + 17. Let u(i) = -11*i - 8. Let c(y) = 6*a(y) + 13*u(y). Suppose -4*x + 3*x + 5*v = 23, -4*x - 3*v = 0. List the prime factors of c(x).
13
Suppose -10642 = -5*k + 3*l, 3*k + 2637 = -5*l + 8995. List the prime factors of k.
2, 1063
Let q = -300 - -473. What are the prime factors of q?
173
Suppose -s = -5*n + 4528, 0 = -n + 3*s + 445 + 469. List the prime factors of n.
5, 181
Let v(u) = -6 + 10 + 0 - 5*u - 4*u. List the prime factors of v(-6).
2, 29
Let p(k) = -17*k**2 - 8*k + 3. Let w be p(5). Let d be (-2)/4 + w/12. List the prime factors of -1 - (d + 2) - 0.
2, 3
Let m = -64 + 138. Suppose -5*p + m = 4. List the prime factors of p.
2, 7
Suppose -2*i - 6 = 0, 0 = 2*p - 20*i + 15*i - 451. List the prime factors of p.
2, 109
Suppose -19 = l - 5*r + 12, -r = 3*l + 13. Let n = -1 - l. Let v = n + 6. What are the prime factors of v?
11
Suppose -6086 - 12387 = -29*i. List the prime factors of i.
7, 13
Let o(t) = t + 10. Let l be o(8). Let q(u) = u**3 - 17*u**2 - 16*u + 22. What are the prime factors of q(l)?
2, 29
Suppose 13344 = 27*b - 11*b. What are the prime factors of b?
2, 3, 139
Let t = -27 + 30. Suppose 0 = 3*z + 5*y - 278, -3*y = t*z + z - 367. What are the prime factors of z?
7, 13
Let m = 2021 + -1116. What are the prime factors of m?
5, 181
Let f = 195 - -1068. What are the prime factors of f?
3, 421
Suppose 8*v + 951 = 3311. Suppose 15*s - v - 650 = 0. List the prime factors of s.
3, 7
Suppose 0*d = 2*d - 2*b + 2, 4*b + 24 = -3*d. Let r(k) = -2*k**3 - 4*k**2 - 3*k - 10. What are the prime factors of r(d)?
2, 3, 11
Let j(a) = -a - 1. Let d(o) = -6*o. Let s(b) = d(b) - 5*j(b). Let v be s(7). List the prime factors of -1 - (31 - v)*-1.
2
Suppose 0 = -3*n - 3 - 12, -4*x = 2*n - 2. Suppose 2*h = 4*t - t - 223, -x*t = 3*h - 243. List the prime factors of t.
7, 11
Let n(t) = -526*t**3 - t**2 + t + 2. What are the prime factors of n(-1)?
2, 263
Suppose -16205 = -40*v + 9155. What are the prime factors of v?
2, 317
Let c be (-2 - 0)/((-1)/3). Suppose -8*q = -6*q - c. Suppose -q*r + 6*r - 105 = 0. List the prime factors of r.
5, 7
Suppose 16 = 2*m + 2*j, 5*m - 2*j = -0*m + 19. Suppose -15 = m*f - 90. Suppose 23 + f = z. List the prime factors of z.
2, 19
Let f(n) = -6*n**2 - 9*n + 11*n - 3 + 9*n**2. Let b(l) = l**2 - 6*l - 4. Let i be b(7). What are the prime factors of f(i)?
2, 3, 5
Suppose 3*c - 3*w = 9, -1 = c - 0*w + 3*w. Let g(k) = k**3 + 2*k - 5 - 2 + 4 + k + 6*k**c. What are the prime factors of g(-4)?
17
Let x = 20 - 28. Let r = 6 + x. List the prime factors of ((-1)/r)/(1/16).
2
Let x be (0 + 91/(-4))*-4. Let p = x + -52. What are the prime factors of p?
3, 13
List the prime factors of 30/((-70)/(-7)) + 1392.
3, 5, 31
What are the prime factors of (-2739)/(-12) - (-7)/((-140)/(-15))?
229
Let h(l) = l**2 + l + 1. Let m be h(-2). Suppose m*z = y - 2*z, 0 = 5*y - 3*z. What are the prime factors of ((-1)/1 + y)*-10?
2, 5
Suppose 2*j = o - 533, 13*j = 3*o + 10*j - 1587. What are the prime factors of o?
3, 5, 7
Let b(d) be the second derivative of 1/20*d**5 - 5/6*d**4 - 5/3*d**3 + d - 4*d**2 + 0. What are the prime factors of b(11)?
3
Let g = 35 + -33. Suppose -304 = g*o - 6*o. What are the prime factor